{"id":425,"date":"2014-11-21T15:33:43","date_gmt":"2014-11-21T20:33:43","guid":{"rendered":"http:\/\/posletrasufac.com\/wp-content\/uploads\/2014\/11\/05-11_linguagens-e-identidades-4.jpg"},"modified":"2014-11-21T15:40:22","modified_gmt":"2014-11-21T20:40:22","slug":"05-11_linguagens-e-identidades-4","status":"inherit","type":"attachment","link":"https:\/\/posletrasufac.com\/es\/2014\/11\/21\/galeria-simposio-2014\/05-11_linguagens-e-identidades-4\/","title":{"rendered":"05.11_Linguagens e identidades (4)"},"author":65883018,"featured_media":0,"comment_status":"closed","ping_status":"closed","template":"","meta":{"_coblocks_attr":"","_coblocks_dimensions":"","_coblocks_responsive_height":"","_coblocks_accordion_ie_support":"","_crdt_document":"","advanced_seo_description":"","jetpack_seo_html_title":"","jetpack_seo_noindex":false},"class_list":["post-425","attachment","type-attachment","status-inherit","hentry"],"filename":"05-11_linguagens-e-identidades-4.jpg","filesize":655518,"jetpack_likes_enabled":false,"jetpack_sharing_enabled":true,"jetpack_shortlink":"https:\/\/wp.me\/a4Na16-6R","amp_enabled":true,"description":{"rendered":"<p class=\"attachment\"><a href=\"https:\/\/i0.wp.com\/posletrasufac.com\/wp-content\/uploads\/2014\/11\/05-11_linguagens-e-identidades-4.jpg?ssl=1\"><img loading=\"lazy\" decoding=\"async\" width=\"300\" height=\"199\" src=\"https:\/\/i0.wp.com\/posletrasufac.com\/wp-content\/uploads\/2014\/11\/05-11_linguagens-e-identidades-4.jpg?fit=300%2C199&amp;ssl=1\" class=\"attachment-medium size-medium\" alt=\"\" data-attachment-id=\"425\" data-permalink=\"https:\/\/posletrasufac.com\/es\/2014\/11\/21\/galeria-simposio-2014\/05-11_linguagens-e-identidades-4\/\" data-orig-file=\"https:\/\/i0.wp.com\/posletrasufac.com\/wp-content\/uploads\/2014\/11\/05-11_linguagens-e-identidades-4.jpg?fit=1200%2C797&amp;ssl=1\" data-orig-size=\"1200,797\" data-comments-opened=\"0\" data-image-meta=\"{&quot;aperture&quot;:&quot;3.5&quot;,&quot;credit&quot;:&quot;&quot;,&quot;camera&quot;:&quot;NIKON D90&quot;,&quot;caption&quot;:&quot;05.11.2014, Universidade Federal do Acre - UFAC, Rio Branco\/Acre. VIII Simp\\u00f3sio Linguagens e Identidades da\/na Amaz\\u00f4nia Sul-Ocidental e VII Col\\u00f3quio Internacional \\&quot;As Amaz\\u00f4nias, as \\u00c1fricas e as \\u00c1fricas na Pan-Amaz\\u00f4nia\\&quot;. Foto: Talita Oliveira&quot;,&quot;created_timestamp&quot;:&quot;1415183643&quot;,&quot;copyright&quot;:&quot;&quot;,&quot;focal_length&quot;:&quot;18&quot;,&quot;iso&quot;:&quot;500&quot;,&quot;shutter_speed&quot;:&quot;0.016666666666667&quot;,&quot;title&quot;:&quot;&quot;,&quot;orientation&quot;:&quot;0&quot;}\" data-image-title=\"05.11_Linguagens e identidades (4)\" data-image-description=\"&lt;p&gt;05.11.2014, Universidade Federal do Acre &amp;#8211; UFAC, Rio Branco\/Acre. VIII Simp\u00f3sio Linguagens e Identidades da\/na Amaz\u00f4nia Sul-Ocidental e VII Col\u00f3quio Internacional &amp;#8220;As Amaz\u00f4nias, as \u00c1fricas e as \u00c1fricas na Pan-Amaz\u00f4nia&amp;#8221;. Foto: Talita Oliveira&lt;\/p&gt;\n\" data-image-caption=\"&lt;p&gt;Simp\u00f3sio Linguagens e Identidades 2014&lt;\/p&gt;\n\" data-large-file=\"https:\/\/i0.wp.com\/posletrasufac.com\/wp-content\/uploads\/2014\/11\/05-11_linguagens-e-identidades-4.jpg?fit=750%2C498&amp;ssl=1\" \/><\/a><\/p>\n<p>05.11.2014, Universidade Federal do Acre &#8211; UFAC, Rio Branco\/Acre. VIII Simp\u00f3sio Linguagens e Identidades da\/na Amaz\u00f4nia Sul-Ocidental e VII Col\u00f3quio Internacional &#8220;As Amaz\u00f4nias, as \u00c1fricas e as \u00c1fricas na Pan-Amaz\u00f4nia&#8221;. Foto: Talita Oliveira<\/p>\n"},"caption":{"rendered":"<p>Simp\u00f3sio Linguagens e Identidades 2014<\/p>\n"},"alt_text":"","media_type":"image","mime_type":"image\/jpeg","media_details":{"width":1200,"height":797,"file":"2014\/11\/05-11_linguagens-e-identidades-4.jpg","sizes":{},"image_meta":{"aperture":3.5,"credit":"","camera":"NIKON D90","caption":"05.11.2014, Universidade Federal do Acre - UFAC, Rio Branco\/Acre. VIII Simp\u00f3sio Linguagens e Identidades da\/na Amaz\u00f4nia Sul-Ocidental e VII Col\u00f3quio Internacional \"As Amaz\u00f4nias, as \u00c1fricas e as \u00c1fricas na Pan-Amaz\u00f4nia\". Foto: Talita Oliveira","created_timestamp":1415183643,"copyright":"","focal_length":"18","iso":"500","shutter_speed":"0.016666666666667","title":"","orientation":0}},"post":388,"source_url":"https:\/\/posletrasufac.com\/wp-content\/uploads\/2014\/11\/05-11_linguagens-e-identidades-4.jpg","jetpack_videopress_guid":"","jetpack_videopress":{"title":"05.11_Linguagens e identidades (4)","description":"05.11.2014, Universidade Federal do Acre - UFAC, Rio Branco\/Acre. VIII Simp\u00f3sio Linguagens e Identidades da\/na Amaz\u00f4nia Sul-Ocidental e VII Col\u00f3quio Internacional \"As Amaz\u00f4nias, as \u00c1fricas e as \u00c1fricas na Pan-Amaz\u00f4nia\". Foto: Talita Oliveira","caption":"Simp\u00f3sio Linguagens e Identidades 2014","guid":null,"rating":null,"allow_download":0,"display_embed":0,"privacy_setting":2,"needs_playback_token":false,"is_private":false,"private_enabled_for_site":false},"_links":{"self":[{"href":"https:\/\/posletrasufac.com\/es\/wp-json\/wp\/v2\/media\/425","targetHints":{"allow":["GET"]}}],"collection":[{"href":"https:\/\/posletrasufac.com\/es\/wp-json\/wp\/v2\/media"}],"about":[{"href":"https:\/\/posletrasufac.com\/es\/wp-json\/wp\/v2\/types\/attachment"}],"author":[{"embeddable":true,"href":"https:\/\/posletrasufac.com\/es\/wp-json\/wp\/v2\/users\/65883018"}],"replies":[{"embeddable":true,"href":"https:\/\/posletrasufac.com\/es\/wp-json\/wp\/v2\/comments?post=425"}],"wp:attached-to":[{"embeddable":true,"post_type":"post","id":388,"href":"https:\/\/posletrasufac.com\/es\/wp-json\/wp\/v2\/posts\/388"}],"curies":[{"name":"wp","href":"https:\/\/api.w.org\/{rel}","templated":true}]}}

<p class="attachment"><a href="https://i0.wp.com/posletrasufac.com/wp-content/uploads/2014/11/05-11_linguagens-e-identidades-4.jpg?ssl=1"><img loading="lazy" decoding="async" width="300" height="199" src="https://i0.wp.com/posletrasufac.com/wp-content/uploads/2014/11/05-11_linguagens-e-identidades-4.jpg?fit=300%2C199&amp;ssl=1" class="attachment-medium size-medium" alt="" data-attachment-id="425" data-permalink="https://posletrasufac.com/es/2014/11/21/galeria-simposio-2014/05-11_linguagens-e-identidades-4/" data-orig-file="https://i0.wp.com/posletrasufac.com/wp-content/uploads/2014/11/05-11_linguagens-e-identidades-4.jpg?fit=1200%2C797&amp;ssl=1" data-orig-size="1200,797" data-comments-opened="0" data-image-meta="{&quot;aperture&quot;:&quot;3.5&quot;,&quot;credit&quot;:&quot;&quot;,&quot;camera&quot;:&quot;NIKON D90&quot;,&quot;caption&quot;:&quot;05.11.2014, Universidade Federal do Acre - UFAC, Rio Branco/Acre. VIII Simp\u00f3sio Linguagens e Identidades da/na Amaz\u00f4nia Sul-Ocidental e VII Col\u00f3quio Internacional \&quot;As Amaz\u00f4nias, as \u00c1fricas e as \u00c1fricas na Pan-Amaz\u00f4nia\&quot;. Foto: Talita Oliveira&quot;,&quot;created_timestamp&quot;:&quot;1415183643&quot;,&quot;copyright&quot;:&quot;&quot;,&quot;focal_length&quot;:&quot;18&quot;,&quot;iso&quot;:&quot;500&quot;,&quot;shutter_speed&quot;:&quot;0.016666666666667&quot;,&quot;title&quot;:&quot;&quot;,&quot;orientation&quot;:&quot;0&quot;}" data-image-title="05.11_Linguagens e identidades (4)" data-image-description="&lt;p&gt;05.11.2014, Universidade Federal do Acre &amp;#8211; UFAC, Rio Branco/Acre. VIII Simpósio Linguagens e Identidades da/na Amazônia Sul-Ocidental e VII Colóquio Internacional &amp;#8220;As Amazônias, as Áfricas e as Áfricas na Pan-Amazônia&amp;#8221;. Foto: Talita Oliveira&lt;/p&gt;
" data-image-caption="&lt;p&gt;Simpósio Linguagens e Identidades 2014&lt;/p&gt;
" data-large-file="https://i0.wp.com/posletrasufac.com/wp-content/uploads/2014/11/05-11_linguagens-e-identidades-4.jpg?fit=750%2C498&amp;ssl=1" /></a></p>
<p>05.11.2014, Universidade Federal do Acre &#8211; UFAC, Rio Branco/Acre. VIII Simpósio Linguagens e Identidades da/na Amazônia Sul-Ocidental e VII Colóquio Internacional &#8220;As Amazônias, as Áfricas e as Áfricas na Pan-Amazônia&#8221;. Foto: Talita Oliveira</p>

<p>Simpósio Linguagens e Identidades 2014</p>

05.11.2014, Universidade Federal do Acre - UFAC, Rio Branco/Acre. VIII Simpósio Linguagens e Identidades da/na Amazônia Sul-Ocidental e VII Colóquio Internacional "As Amazônias, as Áfricas e as Áfricas na Pan-Amazônia". Foto: Talita Oliveira

Simpósio Linguagens e Identidades 2014
