{"id":2835,"date":"2017-03-07T16:36:51","date_gmt":"2017-03-07T21:36:51","guid":{"rendered":"http:\/\/posletrasufac.com\/?page_id=2835"},"modified":"2023-04-07T12:46:44","modified_gmt":"2023-04-07T17:46:44","slug":"area-de-concentracao","status":"publish","type":"page","link":"https:\/\/posletrasufac.com\/en\/area-de-concentracao\/","title":{"rendered":"Area of Concentration and Research Lines"},"content":{"rendered":"<p class=\"wp-block-paragraph\"><u>Area of concentration: <strong>Language and Culture<\/strong><\/u><\/p>\n\n\n\n<p class=\"wp-block-paragraph\">The Area of Concentration \u201cLanguage and Culture\u201d enables an articulated dialogue between the lines of research, the faculty's research projects and the subjects that make up the Program's Curricular Structure, focusing on producing research and studies around the universe of the concepts of culture, thought of as all ways of life, and language, as all forms of expression and production of human meanings. This articulation turns to thinking about the social place in which the Federal University of Acre is located, in a strategic position in the South-Western Amazon, on the tri-national border Brazil-Bolivia-Peru, a macro-region that interconnects the Atlantic and Pacific oceans and its social, linguistic and identity transits. For this reason, considering the social role of the university and of a postgraduate program intertwined with its socio-geographical context, the focus of Language and Culture is to house and foster studies and research aimed at producing knowledge that helps to unveil the Amazonian and Pan-Amazonian universes, with special attention to the regional ethnic, linguistic and cultural peculiarities and diversity as part of the \u201call-world\u201d with which it relates.<\/p>\n\n\n\n<p class=\"wp-block-paragraph\"><strong>Research Line: Language(s) and Teacher Training<\/strong><\/p>\n\n\n\n<p class=\"wp-block-paragraph\">It brings together studies focused on situations of contact between languages, languages and the teaching-learning of Mother Tongue (LM), Foreign Languages (FL) and Indigenous Languages (IL) of the Amazonian and Pan-Amazonian universes. It also focuses on research related to the description, analysis and documentation of indigenous languages, as well as reading and writing practices and linguistic analysis and literacy in relation to teacher training and performance and its interfaces with the production of teaching materials for basic education.<\/p>\n\n\n\n<p class=\"wp-block-paragraph\"><strong>Professors linked to the research line (Quadrennium 2021-2024)<\/strong><\/p>\n\n\n\n<p class=\"wp-block-paragraph\"><strong>Permanent teachers<\/strong><\/p>\n\n\n\n<p class=\"wp-block-paragraph\">Aline Suelen Santos<\/p>\n\n\n\n<p class=\"wp-block-paragraph\">Juciane dos Santos Cavalheiro<\/p>\n\n\n\n<p class=\"wp-block-paragraph\">Paula Tatiana da Silva Antunes<\/p>\n\n\n\n<p class=\"wp-block-paragraph\">Queila Barbosa Lopes<\/p>\n\n\n\n<p class=\"wp-block-paragraph\">Shelton Lima de Souza<\/p>\n\n\n\n<p class=\"wp-block-paragraph\">Simone Cordeiro Oliveira Pinheiro<\/p>\n\n\n\n<p class=\"wp-block-paragraph\">Valda In\u00eas Fontenele Pessoa<\/p>\n\n\n\n<p class=\"wp-block-paragraph\"><strong>Collaborating teachers<\/strong><\/p>\n\n\n\n<p class=\"wp-block-paragraph\">Elizabeth Miranda de Lima<\/p>\n\n\n\n<p class=\"wp-block-paragraph\">Ligiane Pessoa dos Santos Bonif\u00e1cio<\/p>\n\n\n\n<p class=\"wp-block-paragraph\"><strong><u>Subjects linked to the line of research <\/u><\/strong><\/p>\n\n\n\n<ol class=\"wp-block-list\">\n<li><strong>Linguistic Theories and Discourses<\/strong><\/li>\n\n\n\n<li><strong>Research Seminar I<\/strong><\/li>\n\n\n\n<li>Culture, Education and Educational Practices<\/li>\n\n\n\n<li>Ethnolinguistics<\/li>\n\n\n\n<li>Social History of Languages in Amazonia<\/li>\n\n\n\n<li>Reading and Writing in Indigenous Societies<\/li>\n\n\n\n<li>Language Teaching, Production and Analysis of Contemporary Teaching Materials<\/li>\n\n\n\n<li>Sociolinguistics<\/li>\n\n\n\n<li>Special Topics I<\/li>\n\n\n\n<li>Special Topics II<\/li>\n<\/ol>\n\n\n\n<p class=\"wp-block-paragraph\"><strong>Research Line: Amazonian Cultures, Narratives and Identities<\/strong><\/p>\n\n\n\n<p class=\"wp-block-paragraph\">It focuses on the formulation of research on historical and literary narratives of the Amazonian universes, focusing on the study of cultural practices, languages, discourse analysis and processes of constitution of Amazonian and pan-Amazonian identities.<\/p>\n\n\n\n<p class=\"wp-block-paragraph\"><strong>Professors linked to the research line (Quadrennium 2021-2024) <\/strong><\/p>\n\n\n\n<p class=\"wp-block-paragraph\"><strong>Permanent teachers<\/strong><\/p>\n\n\n\n<p class=\"wp-block-paragraph\">Elderson Melo de Miranda<\/p>\n\n\n\n<p class=\"wp-block-paragraph\">Francielle Maria Modesto Mendes<\/p>\n\n\n\n<p class=\"wp-block-paragraph\">Francisco Aquinei Timoteo Queiros<\/p>\n\n\n\n<p class=\"wp-block-paragraph\">Francisco Bento da Silva<\/p>\n\n\n\n<p class=\"wp-block-paragraph\">Gerson Rodrigues de Albuquerque<\/p>\n\n\n\n<p class=\"wp-block-paragraph\">Marcello Messina<\/p>\n\n\n\n<p class=\"wp-block-paragraph\">Maria de Jesus Morais<\/p>\n\n\n\n<p class=\"wp-block-paragraph\"><strong>Collaborating teachers<\/strong><\/p>\n\n\n\n<p class=\"wp-block-paragraph\">Andrea Martini<\/p>\n\n\n\n<p class=\"wp-block-paragraph\">Lucieneida Dovao Praun<\/p>\n\n\n\n<p class=\"wp-block-paragraph\"><strong><u>Subjects linked to the line of research <\/u><\/strong><\/p>\n\n\n\n<ol class=\"wp-block-list\">\n<li><strong>Culture, Language and Society<\/strong><\/li>\n\n\n\n<li><strong>Research Seminar II <\/strong><\/li>\n\n\n\n<li>Cultures and Literatures in the Pan-Amazon region<\/li>\n\n\n\n<li>Discourses, Subjects and Identities<\/li>\n\n\n\n<li>Gender, Race and Ethnicity Studies and Concepts<\/li>\n\n\n\n<li>Language, Borders and Interculturality<\/li>\n\n\n\n<li>Orality, Oral Tradition and Oral Literature<\/li>\n\n\n\n<li>Cultural Translation and Post-Colonial Studies<\/li>\n\n\n\n<li>Special Topics III<\/li>\n\n\n\n<li>Special Topics IV<\/li>\n<\/ol>\n\n\n\n<p class=\"wp-block-paragraph\"><strong>Visiting lecturer<\/strong><\/p>\n\n\n\n<p class=\"wp-block-paragraph\">Maria In\u00eas de Almeida<\/p>","protected":false},"excerpt":{"rendered":"<p>\u00c1rea de concentra\u00e7\u00e3o: Linguagem e Cultura A \u00c1rea de Concentra\u00e7\u00e3o \u201cLinguagem e Cultura\u201d possibilita um di\u00e1logo articulado entre as linhas de pesquisa, os projetos de pesquisa do corpo docente e as disciplinas que comp\u00f5em e Estrutura Curricular do Programa, tendo<\/p>","protected":false},"author":65883018,"featured_media":0,"parent":0,"menu_order":0,"comment_status":"closed","ping_status":"closed","template":"","meta":{"_coblocks_attr":"","_coblocks_dimensions":"","_coblocks_responsive_height":"","_coblocks_accordion_ie_support":"","_crdt_document":"","advanced_seo_description":"","jetpack_seo_html_title":"","jetpack_seo_noindex":false,"footnotes":""},"class_list":["post-2835","page","type-page","status-publish","hentry"],"jetpack_likes_enabled":false,"jetpack_sharing_enabled":true,"jetpack_shortlink":"https:\/\/wp.me\/P4Na16-JJ","amp_enabled":true,"_links":{"self":[{"href":"https:\/\/posletrasufac.com\/en\/wp-json\/wp\/v2\/pages\/2835","targetHints":{"allow":["GET"]}}],"collection":[{"href":"https:\/\/posletrasufac.com\/en\/wp-json\/wp\/v2\/pages"}],"about":[{"href":"https:\/\/posletrasufac.com\/en\/wp-json\/wp\/v2\/types\/page"}],"author":[{"embeddable":true,"href":"https:\/\/posletrasufac.com\/en\/wp-json\/wp\/v2\/users\/65883018"}],"replies":[{"embeddable":true,"href":"https:\/\/posletrasufac.com\/en\/wp-json\/wp\/v2\/comments?post=2835"}],"version-history":[{"count":28,"href":"https:\/\/posletrasufac.com\/en\/wp-json\/wp\/v2\/pages\/2835\/revisions"}],"predecessor-version":[{"id":10678,"href":"https:\/\/posletrasufac.com\/en\/wp-json\/wp\/v2\/pages\/2835\/revisions\/10678"}],"wp:attachment":[{"href":"https:\/\/posletrasufac.com\/en\/wp-json\/wp\/v2\/media?parent=2835"}],"curies":[{"name":"wp","href":"https:\/\/api.w.org\/{rel}","templated":true}]}}

<p class="wp-block-paragraph"><u>Area of concentration: <strong>Language and Culture</strong></u></p>



<p class="wp-block-paragraph">The Area of Concentration “Language and Culture” enables an articulated dialogue between the lines of research, the faculty's research projects and the subjects that make up the Program's Curricular Structure, focusing on producing research and studies around the universe of the concepts of culture, thought of as all ways of life, and language, as all forms of expression and production of human meanings. This articulation turns to thinking about the social place in which the Federal University of Acre is located, in a strategic position in the South-Western Amazon, on the tri-national border Brazil-Bolivia-Peru, a macro-region that interconnects the Atlantic and Pacific oceans and its social, linguistic and identity transits. For this reason, considering the social role of the university and of a postgraduate program intertwined with its socio-geographical context, the focus of Language and Culture is to house and foster studies and research aimed at producing knowledge that helps to unveil the Amazonian and Pan-Amazonian universes, with special attention to the regional ethnic, linguistic and cultural peculiarities and diversity as part of the “all-world” with which it relates.</p>



<p class="wp-block-paragraph"><strong>Research Line: Language(s) and Teacher Training</strong></p>



<p class="wp-block-paragraph">It brings together studies focused on situations of contact between languages, languages and the teaching-learning of Mother Tongue (LM), Foreign Languages (FL) and Indigenous Languages (IL) of the Amazonian and Pan-Amazonian universes. It also focuses on research related to the description, analysis and documentation of indigenous languages, as well as reading and writing practices and linguistic analysis and literacy in relation to teacher training and performance and its interfaces with the production of teaching materials for basic education.</p>



<p class="wp-block-paragraph"><strong>Professors linked to the research line (Quadrennium 2021-2024)</strong></p>



<p class="wp-block-paragraph"><strong>Permanent teachers</strong></p>



<p class="wp-block-paragraph">Aline Suelen Santos</p>



<p class="wp-block-paragraph">Juciane dos Santos Cavalheiro</p>



<p class="wp-block-paragraph">Paula Tatiana da Silva Antunes</p>



<p class="wp-block-paragraph">Queila Barbosa Lopes</p>



<p class="wp-block-paragraph">Shelton Lima de Souza</p>



<p class="wp-block-paragraph">Simone Cordeiro Oliveira Pinheiro</p>



<p class="wp-block-paragraph">Valda Inês Fontenele Pessoa</p>



<p class="wp-block-paragraph"><strong>Collaborating teachers</strong></p>



<p class="wp-block-paragraph">Elizabeth Miranda de Lima</p>



<p class="wp-block-paragraph">Ligiane Pessoa dos Santos Bonifácio</p>



<p class="wp-block-paragraph"><strong><u>Subjects linked to the line of research </u></strong></p>



<ol class="wp-block-list">
<li><strong>Linguistic Theories and Discourses</strong></li>



<li><strong>Research Seminar I</strong></li>



<li>Culture, Education and Educational Practices</li>



<li>Ethnolinguistics</li>



<li>Social History of Languages in Amazonia</li>



<li>Reading and Writing in Indigenous Societies</li>



<li>Language Teaching, Production and Analysis of Contemporary Teaching Materials</li>



<li>Sociolinguistics</li>



<li>Special Topics I</li>



<li>Special Topics II</li>
</ol>



<p class="wp-block-paragraph"><strong>Research Line: Amazonian Cultures, Narratives and Identities</strong></p>



<p class="wp-block-paragraph">It focuses on the formulation of research on historical and literary narratives of the Amazonian universes, focusing on the study of cultural practices, languages, discourse analysis and processes of constitution of Amazonian and pan-Amazonian identities.</p>



<p class="wp-block-paragraph"><strong>Professors linked to the research line (Quadrennium 2021-2024) </strong></p>



<p class="wp-block-paragraph"><strong>Permanent teachers</strong></p>



<p class="wp-block-paragraph">Elderson Melo de Miranda</p>



<p class="wp-block-paragraph">Francielle Maria Modesto Mendes</p>



<p class="wp-block-paragraph">Francisco Aquinei Timoteo Queiros</p>



<p class="wp-block-paragraph">Francisco Bento da Silva</p>



<p class="wp-block-paragraph">Gerson Rodrigues de Albuquerque</p>



<p class="wp-block-paragraph">Marcello Messina</p>



<p class="wp-block-paragraph">Maria de Jesus Morais</p>



<p class="wp-block-paragraph"><strong>Collaborating teachers</strong></p>



<p class="wp-block-paragraph">Andrea Martini</p>



<p class="wp-block-paragraph">Lucieneida Dovao Praun</p>



<p class="wp-block-paragraph"><strong><u>Subjects linked to the line of research </u></strong></p>



<ol class="wp-block-list">
<li><strong>Culture, Language and Society</strong></li>



<li><strong>Research Seminar II </strong></li>



<li>Cultures and Literatures in the Pan-Amazon region</li>



<li>Discourses, Subjects and Identities</li>



<li>Gender, Race and Ethnicity Studies and Concepts</li>



<li>Language, Borders and Interculturality</li>



<li>Orality, Oral Tradition and Oral Literature</li>



<li>Cultural Translation and Post-Colonial Studies</li>



<li>Special Topics III</li>



<li>Special Topics IV</li>
</ol>



<p class="wp-block-paragraph"><strong>Visiting lecturer</strong></p>



<p class="wp-block-paragraph">Maria Inês de Almeida</p>

<p>Área de concentração: Linguagem e Cultura A Área de Concentração “Linguagem e Cultura” possibilita um diálogo articulado entre as linhas de pesquisa, os projetos de pesquisa do corpo docente e as disciplinas que compõem e Estrutura Curricular do Programa, tendo</p>
