{"id":764,"date":"2015-07-09T12:23:19","date_gmt":"2015-07-09T17:23:19","guid":{"rendered":"http:\/\/posletrasufac.com\/wp-content\/uploads\/2015\/07\/belc3a9m-165.jpg"},"modified":"2015-08-03T19:29:03","modified_gmt":"2015-08-04T00:29:03","slug":"belem-165","status":"inherit","type":"attachment","link":"https:\/\/posletrasufac.com\/en\/2015\/07\/09\/professsores-do-ppgli-marcam-presenca-no-congresso-da-abralic-2015\/belem-165\/","title":{"rendered":""},"author":65883018,"featured_media":0,"comment_status":"closed","ping_status":"closed","template":"","meta":{"_coblocks_attr":"","_coblocks_dimensions":"","_coblocks_responsive_height":"","_coblocks_accordion_ie_support":"","_crdt_document":"","advanced_seo_description":"","jetpack_seo_html_title":"","jetpack_seo_noindex":false},"class_list":["post-764","attachment","type-attachment","status-inherit","hentry"],"filename":"belc3a9m-165.jpg","filesize":1800129,"jetpack_likes_enabled":false,"jetpack_sharing_enabled":true,"jetpack_shortlink":"https:\/\/wp.me\/a4Na16-ck","amp_enabled":true,"description":{"rendered":"<p class=\"attachment\"><a href=\"https:\/\/i0.wp.com\/posletrasufac.com\/wp-content\/uploads\/2015\/07\/belc3a9m-165.jpg?ssl=1\"><img loading=\"lazy\" decoding=\"async\" width=\"300\" height=\"225\" src=\"https:\/\/i0.wp.com\/posletrasufac.com\/wp-content\/uploads\/2015\/07\/belc3a9m-165.jpg?fit=300%2C225&amp;ssl=1\" class=\"attachment-medium size-medium\" alt=\"\" data-attachment-id=\"764\" data-permalink=\"https:\/\/posletrasufac.com\/en\/2015\/07\/09\/professsores-do-ppgli-marcam-presenca-no-congresso-da-abralic-2015\/belem-165\/\" data-orig-file=\"https:\/\/i0.wp.com\/posletrasufac.com\/wp-content\/uploads\/2015\/07\/belc3a9m-165.jpg?fit=4000%2C3000&amp;ssl=1\" data-orig-size=\"4000,3000\" data-comments-opened=\"0\" data-image-meta=\"{&quot;aperture&quot;:&quot;2.8&quot;,&quot;credit&quot;:&quot;&quot;,&quot;camera&quot;:&quot;Canon PowerShot G15&quot;,&quot;caption&quot;:&quot;&quot;,&quot;created_timestamp&quot;:&quot;1435746051&quot;,&quot;copyright&quot;:&quot;&quot;,&quot;focal_length&quot;:&quot;30.5&quot;,&quot;iso&quot;:&quot;800&quot;,&quot;shutter_speed&quot;:&quot;0.016666666666667&quot;,&quot;title&quot;:&quot;&quot;,&quot;orientation&quot;:&quot;1&quot;}\" data-image-title=\"\" data-image-description=\"\" data-image-caption=\"&lt;p&gt;2015 &amp;#8211; XIV CONGRESSO INTERNACIONAL DA ABRALIC&lt;br \/&gt;\nFLUXOS E CORRENTES: TR\u00c2NSITOS E TRADU\u00c7\u00d5ES LITER\u00c1RIAS&lt;\/p&gt;\n\" data-large-file=\"https:\/\/i0.wp.com\/posletrasufac.com\/wp-content\/uploads\/2015\/07\/belc3a9m-165.jpg?fit=750%2C563&amp;ssl=1\" \/><\/a><\/p>\n"},"caption":{"rendered":"<p>2015 &#8211; XIV CONGRESSO INTERNACIONAL DA ABRALIC<br \/>\nFLUXOS E CORRENTES: TR\u00c2NSITOS E TRADU\u00c7\u00d5ES LITER\u00c1RIAS<\/p>\n"},"alt_text":"","media_type":"image","mime_type":"image\/jpeg","media_details":{"width":4000,"height":3000,"file":"2015\/07\/belc3a9m-165.jpg","sizes":{},"image_meta":{"aperture":2.8,"credit":"","camera":"Canon PowerShot G15","caption":"","created_timestamp":1435746051,"copyright":"","focal_length":"30.5","iso":"800","shutter_speed":"0.016666666666667","title":"","orientation":1}},"post":762,"source_url":"https:\/\/posletrasufac.com\/wp-content\/uploads\/2015\/07\/belc3a9m-165.jpg","jetpack_videopress_guid":"","jetpack_videopress":{"title":"","description":"","caption":"2015 - XIV CONGRESSO INTERNACIONAL DA ABRALIC\nFLUXOS E CORRENTES: TR\u00c2NSITOS E TRADU\u00c7\u00d5ES LITER\u00c1RIAS","guid":null,"rating":null,"allow_download":0,"display_embed":0,"privacy_setting":2,"needs_playback_token":false,"is_private":false,"private_enabled_for_site":false},"_links":{"self":[{"href":"https:\/\/posletrasufac.com\/en\/wp-json\/wp\/v2\/media\/764","targetHints":{"allow":["GET"]}}],"collection":[{"href":"https:\/\/posletrasufac.com\/en\/wp-json\/wp\/v2\/media"}],"about":[{"href":"https:\/\/posletrasufac.com\/en\/wp-json\/wp\/v2\/types\/attachment"}],"author":[{"embeddable":true,"href":"https:\/\/posletrasufac.com\/en\/wp-json\/wp\/v2\/users\/65883018"}],"replies":[{"embeddable":true,"href":"https:\/\/posletrasufac.com\/en\/wp-json\/wp\/v2\/comments?post=764"}],"wp:attached-to":[{"embeddable":true,"post_type":"post","id":762,"href":"https:\/\/posletrasufac.com\/en\/wp-json\/wp\/v2\/posts\/762"}],"curies":[{"name":"wp","href":"https:\/\/api.w.org\/{rel}","templated":true}]}}

<p class="attachment"><a href="https://i0.wp.com/posletrasufac.com/wp-content/uploads/2015/07/belc3a9m-165.jpg?ssl=1"><img loading="lazy" decoding="async" width="300" height="225" src="https://i0.wp.com/posletrasufac.com/wp-content/uploads/2015/07/belc3a9m-165.jpg?fit=300%2C225&amp;ssl=1" class="attachment-medium size-medium" alt="" data-attachment-id="764" data-permalink="https://posletrasufac.com/en/2015/07/09/professsores-do-ppgli-marcam-presenca-no-congresso-da-abralic-2015/belem-165/" data-orig-file="https://i0.wp.com/posletrasufac.com/wp-content/uploads/2015/07/belc3a9m-165.jpg?fit=4000%2C3000&amp;ssl=1" data-orig-size="4000,3000" data-comments-opened="0" data-image-meta="{&quot;aperture&quot;:&quot;2.8&quot;,&quot;credit&quot;:&quot;&quot;,&quot;camera&quot;:&quot;Canon PowerShot G15&quot;,&quot;caption&quot;:&quot;&quot;,&quot;created_timestamp&quot;:&quot;1435746051&quot;,&quot;copyright&quot;:&quot;&quot;,&quot;focal_length&quot;:&quot;30.5&quot;,&quot;iso&quot;:&quot;800&quot;,&quot;shutter_speed&quot;:&quot;0.016666666666667&quot;,&quot;title&quot;:&quot;&quot;,&quot;orientation&quot;:&quot;1&quot;}" data-image-title="" data-image-description="" data-image-caption="&lt;p&gt;2015 &amp;#8211; XIV CONGRESSO INTERNACIONAL DA ABRALIC&lt;br /&gt;
FLUXOS E CORRENTES: TRÂNSITOS E TRADUÇÕES LITERÁRIAS&lt;/p&gt;
" data-large-file="https://i0.wp.com/posletrasufac.com/wp-content/uploads/2015/07/belc3a9m-165.jpg?fit=750%2C563&amp;ssl=1" /></a></p>

<p>2015 &#8211; XIV CONGRESSO INTERNACIONAL DA ABRALIC<br />
FLUXOS E CORRENTES: TRÂNSITOS E TRADUÇÕES LITERÁRIAS</p>

2015 - XIV CONGRESSO INTERNACIONAL DA ABRALIC
FLUXOS E CORRENTES: TRÂNSITOS E TRADUÇÕES LITERÁRIAS
