{"id":430,"date":"2014-11-21T15:34:52","date_gmt":"2014-11-21T20:34:52","guid":{"rendered":"http:\/\/posletrasufac.com\/wp-content\/uploads\/2014\/11\/06-11_linguagens-e-identidades-8.jpg"},"modified":"2014-11-27T16:34:21","modified_gmt":"2014-11-27T21:34:21","slug":"06-11_linguagens-e-identidades-8","status":"inherit","type":"attachment","link":"https:\/\/posletrasufac.com\/en\/2014\/11\/21\/galeria-simposio-2014\/06-11_linguagens-e-identidades-8\/","title":{"rendered":""},"author":65883018,"featured_media":0,"comment_status":"closed","ping_status":"closed","template":"","meta":{"_coblocks_attr":"","_coblocks_dimensions":"","_coblocks_responsive_height":"","_coblocks_accordion_ie_support":"","_crdt_document":"","advanced_seo_description":"","jetpack_seo_html_title":"","jetpack_seo_noindex":false},"class_list":["post-430","attachment","type-attachment","status-inherit","hentry"],"filename":"06-11_linguagens-e-identidades-8.jpg","filesize":555509,"jetpack_likes_enabled":false,"jetpack_sharing_enabled":true,"jetpack_shortlink":"https:\/\/wp.me\/a4Na16-6W","amp_enabled":true,"description":{"rendered":"<p class=\"attachment\"><a href=\"https:\/\/i0.wp.com\/posletrasufac.com\/wp-content\/uploads\/2014\/11\/06-11_linguagens-e-identidades-8.jpg?ssl=1\"><img loading=\"lazy\" decoding=\"async\" width=\"300\" height=\"199\" src=\"https:\/\/i0.wp.com\/posletrasufac.com\/wp-content\/uploads\/2014\/11\/06-11_linguagens-e-identidades-8.jpg?fit=300%2C199&amp;ssl=1\" class=\"attachment-medium size-medium\" alt=\"\" data-attachment-id=\"430\" data-permalink=\"https:\/\/posletrasufac.com\/en\/2014\/11\/21\/galeria-simposio-2014\/06-11_linguagens-e-identidades-8\/\" data-orig-file=\"https:\/\/i0.wp.com\/posletrasufac.com\/wp-content\/uploads\/2014\/11\/06-11_linguagens-e-identidades-8.jpg?fit=1200%2C797&amp;ssl=1\" data-orig-size=\"1200,797\" data-comments-opened=\"0\" data-image-meta=\"{&quot;aperture&quot;:&quot;5&quot;,&quot;credit&quot;:&quot;&quot;,&quot;camera&quot;:&quot;NIKON D90&quot;,&quot;caption&quot;:&quot;06.11.2014, Universidade Federal do Acre - UFAC, Rio Branco\/Acre. VIII Simp\\u00f3sio Linguagens e Identidades da\/na Amaz\\u00f4nia Sul-Ocidental e VII Col\\u00f3quio Internacional \\&quot;As Amaz\\u00f4nias, as \\u00c1fricas e as \\u00c1fricas na Pan-Amaz\\u00f4nia\\&quot;. Foto: Talita Oliveira&quot;,&quot;created_timestamp&quot;:&quot;1415271010&quot;,&quot;copyright&quot;:&quot;&quot;,&quot;focal_length&quot;:&quot;52&quot;,&quot;iso&quot;:&quot;500&quot;,&quot;shutter_speed&quot;:&quot;0.02&quot;,&quot;title&quot;:&quot;&quot;,&quot;orientation&quot;:&quot;0&quot;}\" data-image-title=\"\" data-image-description=\"&lt;p&gt;Foto Talita Oliveira&lt;\/p&gt;\n\" data-image-caption=\"&lt;p&gt;2014 &amp;#8211; Simp\u00f3sio Linguagens e Identidades&lt;\/p&gt;\n\" data-large-file=\"https:\/\/i0.wp.com\/posletrasufac.com\/wp-content\/uploads\/2014\/11\/06-11_linguagens-e-identidades-8.jpg?fit=750%2C498&amp;ssl=1\" \/><\/a><\/p>\n<p>Foto Talita Oliveira<\/p>\n"},"caption":{"rendered":"<p>2014 &#8211; Simp\u00f3sio Linguagens e Identidades<\/p>\n"},"alt_text":"","media_type":"image","mime_type":"image\/jpeg","media_details":{"width":1200,"height":797,"file":"2014\/11\/06-11_linguagens-e-identidades-8.jpg","sizes":{},"image_meta":{"aperture":5,"credit":"","camera":"NIKON D90","caption":"06.11.2014, Universidade Federal do Acre - UFAC, Rio Branco\/Acre. VIII Simp\u00f3sio Linguagens e Identidades da\/na Amaz\u00f4nia Sul-Ocidental e VII Col\u00f3quio Internacional \"As Amaz\u00f4nias, as \u00c1fricas e as \u00c1fricas na Pan-Amaz\u00f4nia\". Foto: Talita Oliveira","created_timestamp":1415271010,"copyright":"","focal_length":"52","iso":"500","shutter_speed":"0.02","title":"","orientation":0}},"post":388,"source_url":"https:\/\/posletrasufac.com\/wp-content\/uploads\/2014\/11\/06-11_linguagens-e-identidades-8.jpg","jetpack_videopress_guid":"","jetpack_videopress":{"title":"","description":"Foto Talita Oliveira","caption":"2014 - Simp\u00f3sio Linguagens e Identidades","guid":null,"rating":null,"allow_download":0,"display_embed":0,"privacy_setting":2,"needs_playback_token":false,"is_private":false,"private_enabled_for_site":false},"_links":{"self":[{"href":"https:\/\/posletrasufac.com\/en\/wp-json\/wp\/v2\/media\/430","targetHints":{"allow":["GET"]}}],"collection":[{"href":"https:\/\/posletrasufac.com\/en\/wp-json\/wp\/v2\/media"}],"about":[{"href":"https:\/\/posletrasufac.com\/en\/wp-json\/wp\/v2\/types\/attachment"}],"author":[{"embeddable":true,"href":"https:\/\/posletrasufac.com\/en\/wp-json\/wp\/v2\/users\/65883018"}],"replies":[{"embeddable":true,"href":"https:\/\/posletrasufac.com\/en\/wp-json\/wp\/v2\/comments?post=430"}],"wp:attached-to":[{"embeddable":true,"post_type":"post","id":388,"href":"https:\/\/posletrasufac.com\/en\/wp-json\/wp\/v2\/posts\/388"}],"curies":[{"name":"wp","href":"https:\/\/api.w.org\/{rel}","templated":true}]}}

<p class="attachment"><a href="https://i0.wp.com/posletrasufac.com/wp-content/uploads/2014/11/06-11_linguagens-e-identidades-8.jpg?ssl=1"><img loading="lazy" decoding="async" width="300" height="199" src="https://i0.wp.com/posletrasufac.com/wp-content/uploads/2014/11/06-11_linguagens-e-identidades-8.jpg?fit=300%2C199&amp;ssl=1" class="attachment-medium size-medium" alt="" data-attachment-id="430" data-permalink="https://posletrasufac.com/en/2014/11/21/galeria-simposio-2014/06-11_linguagens-e-identidades-8/" data-orig-file="https://i0.wp.com/posletrasufac.com/wp-content/uploads/2014/11/06-11_linguagens-e-identidades-8.jpg?fit=1200%2C797&amp;ssl=1" data-orig-size="1200,797" data-comments-opened="0" data-image-meta="{&quot;aperture&quot;:&quot;5&quot;,&quot;credit&quot;:&quot;&quot;,&quot;camera&quot;:&quot;NIKON D90&quot;,&quot;caption&quot;:&quot;06.11.2014, Universidade Federal do Acre - UFAC, Rio Branco/Acre. VIII Simp\u00f3sio Linguagens e Identidades da/na Amaz\u00f4nia Sul-Ocidental e VII Col\u00f3quio Internacional \&quot;As Amaz\u00f4nias, as \u00c1fricas e as \u00c1fricas na Pan-Amaz\u00f4nia\&quot;. Foto: Talita Oliveira&quot;,&quot;created_timestamp&quot;:&quot;1415271010&quot;,&quot;copyright&quot;:&quot;&quot;,&quot;focal_length&quot;:&quot;52&quot;,&quot;iso&quot;:&quot;500&quot;,&quot;shutter_speed&quot;:&quot;0.02&quot;,&quot;title&quot;:&quot;&quot;,&quot;orientation&quot;:&quot;0&quot;}" data-image-title="" data-image-description="&lt;p&gt;Foto Talita Oliveira&lt;/p&gt;
" data-image-caption="&lt;p&gt;2014 &amp;#8211; Simpósio Linguagens e Identidades&lt;/p&gt;
" data-large-file="https://i0.wp.com/posletrasufac.com/wp-content/uploads/2014/11/06-11_linguagens-e-identidades-8.jpg?fit=750%2C498&amp;ssl=1" /></a></p>
<p>Foto Talita Oliveira</p>

<p>2014 &#8211; Simpósio Linguagens e Identidades</p>

06.11.2014, Universidade Federal do Acre - UFAC, Rio Branco/Acre. VIII Simpósio Linguagens e Identidades da/na Amazônia Sul-Ocidental e VII Colóquio Internacional "As Amazônias, as Áfricas e as Áfricas na Pan-Amazônia". Foto: Talita Oliveira

2014 - Simpósio Linguagens e Identidades
